{"id":9,"date":"2021-04-19T00:41:12","date_gmt":"2021-04-18T22:41:12","guid":{"rendered":"http:\/\/marta.you2.pl\/?page_id=9"},"modified":"2021-08-22T13:51:27","modified_gmt":"2021-08-22T11:51:27","slug":"9-2","status":"publish","type":"page","link":"https:\/\/marta.you2.pl\/","title":{"rendered":"Profesjonalnie dopasowana polisa na \u017cycie? Dobrze trafi\u0142e\u015b!"},"content":{"rendered":"\n<div class=\"wp-block-columns is-layout-flex wp-container-core-columns-is-layout-9d6595d7 wp-block-columns-is-layout-flex\">\n<div class=\"wp-block-column is-layout-flow wp-block-column-is-layout-flow\">\n<figure class=\"wp-block-image size-large\"><img loading=\"lazy\" decoding=\"async\" width=\"1024\" height=\"984\" src=\"https:\/\/marta.you2.pl\/wp-content\/uploads\/2021\/08\/DSC_4703-1024x984.jpg\" alt=\"\" class=\"wp-image-110\" srcset=\"https:\/\/marta.you2.pl\/wp-content\/uploads\/2021\/08\/DSC_4703-1024x984.jpg 1024w, https:\/\/marta.you2.pl\/wp-content\/uploads\/2021\/08\/DSC_4703-300x288.jpg 300w, https:\/\/marta.you2.pl\/wp-content\/uploads\/2021\/08\/DSC_4703-768x738.jpg 768w, https:\/\/marta.you2.pl\/wp-content\/uploads\/2021\/08\/DSC_4703-1536x1475.jpg 1536w, https:\/\/marta.you2.pl\/wp-content\/uploads\/2021\/08\/DSC_4703-2048x1967.jpg 2048w\" sizes=\"auto, (max-width: 1024px) 100vw, 1024px\" \/><\/figure>\n<\/div>\n\n\n\n<div class=\"wp-block-column is-layout-flow wp-block-column-is-layout-flow\">\n<p>Zabezpiecz kompleksowo swoje finanse przed skutkami nieprzewidzianych zdarze\u0144. Wybierz polis\u0119 na \u017cycie, zdrowie lub oszcz\u0119dno\u015bciow\u0105. <\/p>\n\n\n\n<p><\/p>\n\n\n\n<p>Zawodowo zajmuj\u0119 si\u0119 doradztwem w zakresie zabezpieczenia finans\u00f3w. Pomog\u0119 dobra\u0107 zakres ubezpieczenia tak, aby jak najbardziej odpowiada\u0142o na Twoje indywidualne potrzeby. Dzi\u0119ki szerokiej ofercie um\u00f3w dodatkowych ubezpieczenie jest bardzo elastyczne! <\/p>\n\n\n\n<p><\/p>\n\n\n\n<p><\/p>\n\n\n\n<p>Skontaktuj si\u0119 ju\u017c dzi\u015b \ud83d\ude42<\/p>\n<\/div>\n<\/div>\n\n\n<div class=\"wpforms-container wpforms-container-full\" id=\"wpforms-128\"><form id=\"wpforms-form-128\" class=\"wpforms-validate wpforms-form\" data-formid=\"128\" method=\"post\" enctype=\"multipart\/form-data\" action=\"\/index.php\/wp-json\/wp\/v2\/pages\/9\" data-token=\"0b3262a9e62e1f2599f3daca0746c1d0\"><noscript class=\"wpforms-error-noscript\">Please enable JavaScript in your browser to complete this form.<\/noscript><div class=\"wpforms-field-container\"><div id=\"wpforms-128-field_2-container\" class=\"wpforms-field wpforms-field-name Marta Golichowska Doradca ds ubezpiecze\" data-field-id=\"2\"><label class=\"wpforms-field-label\" for=\"wpforms-128-field_2\">Imi\u0119 <span class=\"wpforms-required-label\">*<\/span><\/label><input type=\"text\" id=\"wpforms-128-field_2\" class=\"wpforms-field-medium wpforms-field-required\" name=\"wpforms[fields][2]\" required><\/div><div id=\"wpforms-128-field_4-container\" class=\"wpforms-field wpforms-field-email\" data-field-id=\"4\"><label class=\"wpforms-field-label\" for=\"wpforms-128-field_4\">Email <span class=\"wpforms-required-label\">*<\/span><\/label><input type=\"email\" id=\"wpforms-128-field_4\" class=\"wpforms-field-small wpforms-field-required\" name=\"wpforms[fields][4]\" required><\/div><div id=\"wpforms-128-field_10-container\" class=\"wpforms-field wpforms-field-text\" data-field-id=\"10\"><label class=\"wpforms-field-label\" for=\"wpforms-128-field_10\">Numer telefonu <span class=\"wpforms-required-label\">*<\/span><\/label><input type=\"text\" id=\"wpforms-128-field_10\" class=\"wpforms-field-medium wpforms-field-required\" name=\"wpforms[fields][10]\" required><\/div><div id=\"wpforms-128-field_11-container\" class=\"wpforms-field wpforms-field-text\" data-field-id=\"11\"><label class=\"wpforms-field-label\" for=\"wpforms-128-field_11\">Data urodzenia <span class=\"wpforms-required-label\">*<\/span><\/label><input type=\"text\" id=\"wpforms-128-field_11\" class=\"wpforms-field-medium wpforms-field-required\" name=\"wpforms[fields][11]\" required><div class=\"wpforms-field-description\">DD\/MM\/RRRR<\/div><\/div><div id=\"wpforms-128-field_8-container\" class=\"wpforms-field wpforms-field-text\" data-field-id=\"8\"><label class=\"wpforms-field-label\" for=\"wpforms-128-field_8\">Dodatkowe informacje<\/label><input type=\"text\" id=\"wpforms-128-field_8\" class=\"wpforms-field-medium\" name=\"wpforms[fields][8]\" ><div class=\"wpforms-field-description\">Jakiego ubezpieczenia potrzebujesz, czy chcesz do\u0142\u0105czy\u0107 kogo\u015b do ubezpieczenia. W jakich godzinach najlepiej si\u0119 z Tob\u0105 skontaktowa\u0107. <\/div><\/div><\/div><div class=\"wpforms-submit-container\" ><input type=\"hidden\" name=\"wpforms[id]\" value=\"128\"><input type=\"hidden\" name=\"wpforms[author]\" value=\"1\"><button type=\"submit\" name=\"wpforms[submit]\" class=\"wpforms-submit \" id=\"wpforms-submit-128\" value=\"wpforms-submit\" aria-live=\"assertive\" data-alt-text=\"Wysy\u0142amy Twoj\u0105 wiadomo\u015b\u0107 do Marty Golichowskiej :) \" data-submit-text=\"Wy\u015blij wiadomo\u015b\u0107\">Wy\u015blij wiadomo\u015b\u0107<\/button><\/div><\/form><\/div>  <!-- .wpforms-container -->","protected":false},"excerpt":{"rendered":"<p>Zabezpiecz kompleksowo swoje finanse przed skutkami nieprzewidzianych zdarze\u0144. Wybierz polis\u0119 na \u017cycie, zdrowie lub oszcz\u0119dno\u015bciow\u0105. Zawodowo zajmuj\u0119 si\u0119 doradztwem w zakresie zabezpieczenia finans\u00f3w. Pomog\u0119 dobra\u0107 zakres ubezpieczenia tak, aby jak &#8230;<\/p>\n","protected":false},"author":1,"featured_media":0,"parent":0,"menu_order":0,"comment_status":"closed","ping_status":"closed","template":"","meta":{"footnotes":""},"class_list":["post-9","page","type-page","status-publish","hentry"],"_links":{"self":[{"href":"https:\/\/marta.you2.pl\/index.php\/wp-json\/wp\/v2\/pages\/9","targetHints":{"allow":["GET"]}}],"collection":[{"href":"https:\/\/marta.you2.pl\/index.php\/wp-json\/wp\/v2\/pages"}],"about":[{"href":"https:\/\/marta.you2.pl\/index.php\/wp-json\/wp\/v2\/types\/page"}],"author":[{"embeddable":true,"href":"https:\/\/marta.you2.pl\/index.php\/wp-json\/wp\/v2\/users\/1"}],"replies":[{"embeddable":true,"href":"https:\/\/marta.you2.pl\/index.php\/wp-json\/wp\/v2\/comments?post=9"}],"version-history":[{"count":11,"href":"https:\/\/marta.you2.pl\/index.php\/wp-json\/wp\/v2\/pages\/9\/revisions"}],"predecessor-version":[{"id":132,"href":"https:\/\/marta.you2.pl\/index.php\/wp-json\/wp\/v2\/pages\/9\/revisions\/132"}],"wp:attachment":[{"href":"https:\/\/marta.you2.pl\/index.php\/wp-json\/wp\/v2\/media?parent=9"}],"curies":[{"name":"wp","href":"https:\/\/api.w.org\/{rel}","templated":true}]}}